 when v is divided by 7?
5
Let z = 46 - -68. What is the remainder when z is divided by 29?
27
Suppose 0 = -2*k - 0*b - 5*b + 20, -4*k + 3*b = -40. Let q = 46 + -33. Suppose m - q - 15 = 0. What is the remainder when m is divided by k?
8
Calculate the remainder when 2415/49 + 4/(-14) is divided by 13.
10
Let r = -10 + -65. Let a be r/10*(-4)/5. Suppose 0 = 3*p - a, 2*p - 100 = -4*l - 2*p. What is the remainder when 67 is divided by l?
21
What is the remainder when 29 is divided by 17 - (2 + -5 + 4)?
13
Let v = -42 - -90. Suppose -6*s + 4*n + 70 = -s, -3*s - 4*n = -10. What is the remainder when v is divided by s?
8
Let m(n) = -n**3 - 11*n**2 + 9*n + 13. What is the remainder when m(-12) is divided by 26?
23
Let w be (4 - -1) + 0/(-3). Suppose -b + w*b = 12. Suppose 77 = b*y + 2*l, 82 - 30 = 2*y + 2*l. What is the remainder when y is divided by 9?
7
Let d(v) be the first derivative of v**4/4 - 10*v**3/3 - 11*v**2/2 + 2*v - 8. Calculate the remainder when 6 is divided by d(11).
0
Suppose 55 - 11 = 4*b. Calculate the remainder when 41 is divided by b.
8
Let x(q) = 6*q + 11. Let g be 41/(-1 - 0)*-1. Suppose -64 = -5*d + g. What is the remainder when x(5) is divided by d?
20
Let s(u) = -u**2 - 21*u - 17. What is the remainder when 9 + (-2 + 2 - 2) is divided by s(-20)?
1
Suppose -13 = -w + 35. Suppose 0*u + w = u. Let t = u + -21. What is the remainder when t is divided by 14?
13
Suppose y - 8 + 2 = 4*d, -4*d = 0. What is the remainder when 53 is divided by 164/9 + y/(-27)?
17
Suppose 0 = 3*i - 9 - 0, -4*i - 16 = -4*s. Suppose s*o - 288 = 2*o - 2*j, -j = 5*o - 284. What is the remainder when o is divided by 15?
11
What is the remainder when 100 is divided by 33 + (-4)/(-8) + 3/6?
32
Let f(u) = 19 + u - 2 + 5. What is the remainder when f(-9) is divided by 7?
6
Let s(x) = x**3 + 6*x**2 + 3*x - 1. Calculate the remainder when 33/1*(4 - (-24)/(-8)) is divided by s(-3).
16
Let w be 4/(-10) + 189/(-15). Let j = w - -21. What is the remainder when j is divided by 3?
2
Calculate the remainder when (-372)/(-16) + 1/(-4) is divided by 13.
10
Suppose 0*d + 29 = 4*x - d, -3*x = -2*d - 23. Let n(y) = -1 + y + x*y - y**2 - 2. Calculate the remainder when 38 is divided by n(4).
12
Let f(i) = -23*i - 9. Let k be f(-7). Let o(j) = -8*j - 7. Let n be o(-6). Suppose -3*x - n = -k. Calculate the remainder when x is divided by 13.
11
What is the remainder when 113 + -8 + 2*1 is divided by 27?
26
Suppose 0*v - 3*v = 0. Let y be 0/(-2*1 + v). Suppose y = -u + 5*u - 36. Calculate the remainder when 26 is divided by u.
8
Suppose -2*m = 3*x - 46 - 7, -m - 2 = 0. Let g = -4 + x. Calculate the remainder when (-2)/(-7) - (-374)/14 is divided by g.
12
Suppose -72 = -6*m + 6. What is the remainder when 102 is divided by m?
11
Let z = 9 + -13. Let n(y) = -13*y - 6. Calculate the remainder when n(z) is divided by 12.
10
Let z = 24 - 17. Suppose -4*c - z = -27. What is the remainder when c is divided by (1 - 2) + 4/1?
2
Suppose g = -g - 5*z + 48, 4*g = 4*z + 96. Suppose 11 + g = 5*y. Calculate the remainder when 12 is divided by y.
5
Suppose -30 - 24 = -2*f. Suppose 0 = -3*r + f - 9. What is the remainder when ((-18)/4)/9*-42 is divided by r?
3
Suppose 3*j - 39 = -3*q, -j = -5*q - 17 - 26. Let h = 31 - j. What is the remainder when 50 is divided by h?
11
Suppose 3*b + 2*n = 11, 24 = 4*n + 8. Suppose f + 5*x + 25 - 8 = 0, -3*f - 2*x = -b. Calculate the remainder when 7 is divided by f.
1
Let n = 1 - -15. Calculate the remainder when 63 is divided by n.
15
Let p = 11 - 6. Let a = -7 - -12. Calculate the remainder when 11 - p - 4/(-2) is divided by a.
3
Suppose 5 = g - 3*z - 88, -354 = -4*g + 3*z. What is the remainder when g is divided by 15?
12
Suppose 3*m - 8*m + 10 = 0. Let r(b) = b + 17. What is the remainder when r(-13) is divided by m?
0
Suppose z + 17*z = 378. Calculate the remainder when z is divided by 16.
5
Let l(v) = -v**3 - 5*v**2 + 2*v - 3. Let x be l(-6). Suppose -4*c + x + 15 = 0. Calculate the remainder when 16 is divided by c.
7
Suppose 8 = 5*a - 2. Let r be ((-1)/a)/((-1)/64). Suppose 0*z - 4*z + r = 0. Calculate the remainder when 14 is divided by z.
6
Suppose 0 = 4*g - 4*a - 2 - 2, 0 = -5*a + 5. Suppose 2*r + 36 = g*s, -2*s + s = 3*r - 18. Calculate the remainder when 51 is divided by s.
15
Let b = -7 - -6. Suppose -3*j = q - 10 - 5, 5*q - j = 27. Calculate the remainder when b*1/3*-33 is divided by q.
5
Suppose -q + 3*s = -3, s + 19 = q + 2*s. Calculate the remainder when 23 is divided by q.
8
Suppose 2*c - 242 = -4*z - 0*c, 4*z + 5*c = 239. Suppose -4*q = 3*p - 88, -z = -p - 4*q - 21. What is the remainder when 44 is divided by p?
20
Let x(i) = i**2 - 14*i - 34. Let g = -40 + 61. Calculate the remainder when x(19) is divided by g.
19
Let r = -31 - -40. Let y(k) = k + 17. What is the remainder when y(0) is divided by r?
8
What is the remainder when (-2795)/(-55) + (-6)/(-33) is divided by 19?
13
Let d be (-2)/6*0 - -3. Suppose -d*z + 5*i + 77 = 0, 0 = -z + 4*z - 3*i - 87. Let h = 6 + z. What is the remainder when h is divided by 14?
12
Let h(z) = 2*z**2 + z - 1. Calculate the remainder when 58 is divided by h(3).
18
Let r(h) = -28*h - 3. What is the remainder when r(-1) is divided by 3 - (0 - -2) - -6?
4
Calculate the remainder when 17 is divided by (6/4)/((-6)/(-16)).
1
Let g = -37 - -45. Let r(l) = 2*l + 8. Calculate the remainder when r(7) is divided by g.
6
Suppose -2*u - 1 = 2*x - 13, 3*u = -5*x + 26. Suppose -o = -2*a - 4*o + 31, 2*a - 32 = -x*o. Calculate the remainder when 52 is divided by a.
10
Let r be (-2)/(1/2*-2). Let l(x) = 2*x**3 - 2*x**2 - 4*x. What is the remainder when l(3) is divided by (-26)/3*(-3)/r?
11
Suppose -h + 2*l + 27 = 0, 10*l + 5 = 5*l. What is the remainder when h is divided by 14?
11
Let c(t) = t**3 + 4*t**2 + t + 1. Let j = 8 - 11. What is the remainder when 19 is divided by c(j)?
5
Let y = 8 - 7. Calculate the remainder when ((-20)/16)/(y/(-28)) is divided by 12.
11
Let q = -18 + 30. Let d be (-2 - -20) + 0 + 0. What is the remainder when (-4)/d + 418/18 is divided by q?
11
Suppose -5*n + 197 = 3*w, 4*w - 2*n - 231 + 3 = 0. Let z(h) = h**2 - 9*h - 22. Calculate the remainder when w is divided by z(13).
29
Suppose 49*w - 46*w = 102. What is the remainder when 40 is divided by w?
6
Let k be ((-12)/(-14))/((-8)/(-56)). Let i(t) = -t**3 + 8*t**2 - 5*t + 9. What is the remainder when i(k) is divided by 13?
12
Calculate the remainder when 75 is divided by -2 + 1 - (4 - 44).
36
Let o(f) = -2*f**2 - 34*f - 26. What is the remainder when 167 is divided by o(-15)?
31
Suppose 0 = -4*f + 4*p + 476, -2*f + 3*p + 0*p + 243 = 0. What is the remainder when f is divided by 29?
27
Suppose -28*k + 48 = -25*k. Suppose 25 = -l + 5*y + 1, 0 = 4*y - 12. Calculate the remainder when (l/(-4))/((-6)/(-80)) is divided by k.
14
Let w(l) = l. Let x(a) = 18*a - 5. Let r(m) = 2*w(m) + x(m). Let f be r(-5). Calculate the remainder when ((-4)/(-5))/((-6)/f) is divided by 8.
6
Suppose 0*a + 10 = -2*a, -a = -5*q - 5. Let h = -5 - -13. What is the remainder when 1 + 1 + (-24)/q is divided by h?
6
Let q(c) be the third derivative of c**5/10 - c**3/2 - 2*c**2. Calculate the remainder when q(-3) is divided by 13.
12
Let g be -2*(-27)/(-6) + 0. Let b = 19 + g. What is the remainder when 29 is divided by b?
9
Suppose 5*r - 153 = 82. Let d(y) = 4*y**2 - y + 1. Calculate the remainder when r + -2 - (1 + 1) is divided by d(2).
13
Suppose 3*j = 4*q + j - 144, -q - 5*j + 25 = 0. Let d = -7 + q. Calculate the remainder when 55 is divided by d.
27
Let n(y) = -3*y - 22. What is the remainder when n(-13) is divided by (0 + -6)/2*-2?
5
Suppose 46 + 11 = 3*s. Let a = 9 + -15. Calculate the remainder when s is divided by 32/3 + a/9.
9
Let g = -16 - -24. Suppose -10*c = -3*c - 161. What is the remainder when c is divided by g?
7
Let i = 70 - 5. Calculate the remainder when i is divided by 17.
14
Suppose -4*m + m + 27 = 0. Let i = m - 5. Suppose -i*a - 3*d = -0*d - 10, 3*a = -d + 10. What is the remainder when 6 is divided by a?
2
Suppose 4*u + 5*b = 233, -330 + 76 = -4*u + 2*b. Calculate the remainder when u is divided by 32.
30
Suppose m + m = 32. What is the remainder when m is divided by 9?
7
Calculate the remainder when 3/(-1 + (1 - 1)) + 34 is divided by 9.
4
Let g(a) = 1